 of x and 155.
5
Let y be (-376)/(-2444) + 141/13. Calculate the greatest common divisor of y and 22.
11
Let q = -40 + 124. Suppose -15*s + q + 6 = 0. Suppose -4*o + 8 = 4*j, -3*o - 2*j + j = -8. Calculate the greatest common factor of o and s.
3
Let o = 67 - 39. Let j(f) = 4*f**2 - f + 3. Let n = -9 + 6. Let l be j(n). Calculate the highest common factor of l and o.
14
Suppose 0*c + 3*f = -4*c + 1071, 4*c - 1063 = 5*f. What is the highest common divisor of c and 6?
3
Let t be (-105)/1155 + (-573)/(-11). Calculate the highest common divisor of t and 962.
26
Let g be (-1)/(-3)*(176 + 2170). Calculate the highest common divisor of g and 323.
17
Suppose 0 = -10*u + 7*u + 6. Suppose u*c - x - 3*x + 6 = 0, 0 = 3*c + 5*x - 46. Calculate the greatest common factor of 98 and c.
7
Let a be (-15)/(-75)*5055/9*3. What is the highest common divisor of 4 and a?
1
Let i(q) = 59*q**2 + 7*q + 2. Let z(g) = -g**3 + 8*g**2 + 20*g - 2. Let s be z(10). Let n be i(s). Calculate the highest common factor of 14 and n.
14
Let t(o) = -12*o - 74. Let k be t(-7). Suppose w - 70 = -3*l, 4*l + k*w = 5*w + 97. Calculate the highest common factor of 46 and l.
23
Suppose 65 = 5*b - n, 5*b - 4*n + 10 - 60 = 0. Suppose b*p - 25*p = -3696. What is the highest common divisor of p and 96?
48
Suppose -4*l + 2*l = x - 126, -248*x = -252*x. Let n be 5 + 0 - (-1 - 1). Calculate the greatest common factor of n and l.
7
Suppose 10*f = 12*f + 3*h - 10, 3*h = 4*f - 38. Let y be (-2)/((-16)/9 - -2). Let p be (f + y)*(-58 - 2). Calculate the highest common divisor of p and 6.
6
Suppose -2*t + 91 = 5*k, -41*t - 2*k = -40*t - 46. Let i(q) = q**2 + 3*q + 2. Let c be i(7). What is the greatest common divisor of t and c?
24
Let g = 4725 + -4510. What is the greatest common divisor of 1 and g?
1
Let l be 3/9 - ((-132)/(-18) + -3). Let i(m) = m**3 + 6*m**2 + 2*m - 12. Let z be i(l). What is the highest common factor of 32 and z?
4
Suppose 5*m = -3*d - 224 + 950, 5*m + 2*d = 724. Suppose -4*r + m = -16. Calculate the greatest common factor of 10 and r.
10
Let a(t) = -t**3 - 2*t**2 + 1. Let c be a(-2). Let j be 376/6 - c/(-3). Let o = -48 + j. Calculate the greatest common divisor of 5 and o.
5
Let y be 12/(-138) + ((-1275264)/276)/(-6). What is the greatest common divisor of y and 5698?
154
Suppose 21 = -3*p, -1438 = -5*g - 29*p + 28*p. Calculate the highest common factor of 1088 and g.
17
Let v = 180 + -182. Let c be (-288)/(-108)*(-9)/v. What is the greatest common factor of 48 and c?
12
Let s(w) = w. Let v(j) = 94*j - 143. Let y(i) = 3*s(i) + v(i). Let g be y(5). What is the highest common factor of g and 18?
18
Let n(h) be the third derivative of -263*h**6/120 + h**5/60 - h**4/24 - h**3/6 + h**2 - 5*h. Let u be n(-1). What is the greatest common factor of 24 and u?
24
Let d be 22/(-209) - 126049/(-209). What is the highest common factor of 12864 and d?
201
Suppose 63*z - 141804 = -63*z + 48*z. What is the greatest common factor of z and 18?
18
Let s = -9015 - -9039. Calculate the highest common factor of s and 8244.
12
Let d = 1925 - 1867. Calculate the greatest common divisor of d and 3.
1
Suppose 15*u - 21*u + 24 = 0. Suppose u*a = -9*a + 169. Let h = -101 - -192. Calculate the greatest common factor of h and a.
13
Let r be (13/(-2) - -6)*-6. Suppose -5*w + 40 = -o + 103, 0 = -5*o - r*w + 343. Calculate the highest common factor of 17 and o.
17
Let o = -3379 - -10879. What is the highest common divisor of o and 1200?
300
Let o be 2/(2/8*4). Suppose 0 = -g + 4*b + 139, -3*g - 5*b = o*g - 670. Calculate the highest common divisor of g and 30.
15
Suppose 3891 - 18141 = -95*r. Calculate the highest common factor of r and 250.
50
Suppose -5452 = -4*x - 3*j, 4*x - 5*x + 1363 = -5*j. What is the highest common divisor of 58 and x?
29
Let x be (-2 - 14)*(-7320)/960. Calculate the highest common factor of x and 427.
61
Let s = -17393 + 18294. Calculate the highest common divisor of 136 and s.
17
Let j = -240 + 243. Suppose -3*g = -g, 0 = -i - j*g + 7. Calculate the highest common factor of 259 and i.
7
Suppose 19*t - 49376 = -6056. Let s = t + -1207. Calculate the highest common factor of s and 37.
37
Let c(u) = 3*u**2 + u + 2. Let r be c(-2). Let m = 77 - 100. Let z = 27 + m. Calculate the highest common factor of r and z.
4
Let f = -14 - -10. Let u(g) = 3*g + 12. Let k be u(f). Suppose 5*y + 2*s - 32 - 22 = k, 3*y - 51 = 5*s. What is the highest common factor of y and 12?
12
Suppose -u - 90 = -19*u. Suppose -9*y + 429 = 4*y. Let l = -28 + y. Calculate the greatest common divisor of l and u.
5
Let o(b) be the first derivative of -b**2/2 + 18*b + 22. Let l be o(8). Suppose -l*w = -8*w - 30. What is the greatest common factor of 105 and w?
15
Suppose -1258 = -3*s - 5*d + 40, -1759 = -4*s - d. What is the highest common divisor of s and 833?
49
Let p(u) = -u + 29. Let x be p(9). Suppose -21*m + x*m + 24 = 0. Suppose 16 = -m*a + 25*a. What is the greatest common factor of 48 and a?
16
Suppose 523*s + 1220 = 526*s + 5*x, x = -5*s + 2048. What is the greatest common divisor of s and 130?
10
Suppose -42*f = -38*f - 4. Let g be 1 - (-1)/((-62)/64 + f). Calculate the highest common factor of g and 3.
3
Suppose 0 = 5*k - 4*h - 3191, -1 = 36*h - 37*h. What is the greatest common divisor of 1136 and k?
71
Let g be 166/(-4*4/16). Let a = g - -194. What is the greatest common factor of a and 112?
28
Suppose -y - 4*y = -445. Let b be y + 7 + (0 - 1). What is the greatest common factor of 133 and b?
19
Let t = -3210 - -3670. What is the greatest common factor of 80 and t?
20
Let p(q) = -q**2 - 31*q + 6. Let r be p(-31). Let t be 1*30/(r + -11) + 286. Calculate the greatest common factor of 8 and t.
8
Let b(c) = -151*c - 9035. Let n be b(-74). What is the highest common factor of 1302 and n?
93
Suppose 11*o + 2*o = 28*o - 34560. What is the highest common factor of o and 54?
18
Let t be 15/(7/((-196)/(-6))*(-4 + 11)). What is the greatest common divisor of 710 and t?
10
Let z be 24 + -4*1/(-2). Let x be ((-3)/2)/((-3)/(-8)). Let i be 135/2 + -2 + 2/x. What is the greatest common factor of i and z?
13
Let v be -22*((-182)/(-4))/(-13). What is the greatest common divisor of v and 63?
7
Suppose -4*u + 4*t + 416 = u, -5*u = 2*t - 422. Suppose -50*m = -46*m - u. Suppose -m*q = -17*q - 32. What is the highest common factor of 4 and q?
4
Let g(o) = -o**3 - 6*o**2 + 5*o + 1. Let x be g(-4). Let n = x + 73. Let k be 22*((-2)/(-4))/1. What is the greatest common factor of k and n?
11
Let m be -1 + (31 - 5) + 0/1. Suppose -4*f + 75 = -4*q - m, 2*f = 3*q + 45. Calculate the highest common divisor of f and 170.
10
Let y(w) = 6*w**2 + 42*w + 216. Let n be y(8). What is the highest common divisor of n and 3666?
78
Let n(d) = -2 + 1 - d**2 + 5 + 3*d + 10*d**3 - 5. Let o be n(1). Let i be (80 + 0 - 4) + 0 + 1. Calculate the greatest common divisor of o and i.
11
Let x = 31 - 23. Suppose -x*z - 146 = -18. Let s = z - -19. Calculate the greatest common divisor of 1 and s.
1
Let h be (-20)/(-3)*(-41)/((-2870)/84). Let a(f) = f**3 - 8*f**2 + 2*f + 5. Let l be a(h). Calculate the greatest common divisor of 91 and l.
7
Let i(d) = -8*d**3 + 7*d - 6 - 13*d - 4*d - 13 - 2*d**2. Let m be i(-3). Calculate the greatest common factor of m and 114.
19
Let j be 63/693 + (-5364)/30*(-100)/66. Calculate the highest common factor of j and 10027.
271
Let b(k) = 16*k**3 + k**2 + 4*k - 6. Let l be b(1). Let x(u) = u**3 - 13*u**2 - 32*u + 35. Let r be x(l). What is the greatest common divisor of r and 35?
5
Let h be (26/8)/(2/16). Suppose 5*v + 41 = -54. Let t = -17 - v. What is the greatest common factor of t and h?
2
Let v(z) = -3*z - 2. Let r be v(8). Let b be r/(-3) - 6/9. Let m = -390 - -398. What is the highest common factor of b and m?
8
Let w = 263 - 218. Suppose -301*h + 295*h = -1170. Calculate the highest common divisor of h and w.
15
Let i = 4151 - 3947. Calculate the greatest common divisor of 221 and i.
17
Let z(v) = 5*v - 63. Let l be z(25). Suppose -4*s + a = -3*s - l, 4*a + 59 = s. What is the greatest common factor of s and 21?
21
Suppose -2*c = -13*c + 1540. Let r = -104 + c. Calculate the highest common divisor of 234 and r.
18
Let y = -8 - -19. Let x = 11762 - 11432. Calculate the highest common divisor of y and x.
11
Let w(k) =